{"id":1282,"date":"2023-04-10T15:08:44","date_gmt":"2023-04-10T15:08:44","guid":{"rendered":"http:\/\/localhost\/kontonwp\/?page_id=1282"},"modified":"2023-06-20T12:42:30","modified_gmt":"2023-06-20T12:42:30","slug":"architecture-services","status":"publish","type":"page","link":"https:\/\/lewagro-service.de\/?page_id=1282","title":{"rendered":"Geb\u00e4udereinigung"},"content":{"rendered":"\t\t<div data-elementor-type=\"wp-page\" data-elementor-id=\"1282\" class=\"elementor elementor-1282\">\n\t\t\t\t\t\t\t\t\t<section class=\"elementor-section elementor-top-section elementor-element elementor-element-2f2149ad elementor-section-stretched elementor-section-boxed elementor-section-height-default elementor-section-height-default\" data-id=\"2f2149ad\" data-element_type=\"section\" data-settings=\"{&quot;stretch_section&quot;:&quot;section-stretched&quot;}\">\n\t\t\t\t\t\t<div class=\"elementor-container elementor-column-gap-default\">\n\t\t\t\t\t<div class=\"elementor-column elementor-col-50 elementor-top-column elementor-element elementor-element-5a879d91\" data-id=\"5a879d91\" data-element_type=\"column\">\n\t\t\t<div class=\"elementor-widget-wrap elementor-element-populated\">\n\t\t\t\t\t\t\t\t<section class=\"elementor-section elementor-inner-section elementor-element elementor-element-6a2e9565 elementor-section-boxed elementor-section-height-default elementor-section-height-default\" data-id=\"6a2e9565\" data-element_type=\"section\" data-settings=\"{&quot;background_background&quot;:&quot;classic&quot;}\">\n\t\t\t\t\t\t<div class=\"elementor-container elementor-column-gap-default\">\n\t\t\t\t\t<div class=\"elementor-column elementor-col-100 elementor-inner-column elementor-element elementor-element-2f043aa4\" data-id=\"2f043aa4\" data-element_type=\"column\">\n\t\t\t<div class=\"elementor-widget-wrap elementor-element-populated\">\n\t\t\t\t\t\t\t\t<div class=\"elementor-element elementor-element-21990bc0 elementor-widget elementor-widget-tentaz-core-heading\" data-id=\"21990bc0\" data-element_type=\"widget\" data-widget_type=\"tentaz-core-heading.default\">\n\t\t\t\t<div class=\"elementor-widget-container\">\n\t\t\t        <div class=\"tentaz-heading default  \">\r\n            <div class=\"title-inner\">        \t\t      \t\t\r\n\t            <span class=\"sub-text \">Unser Service<\/span>\t        <\/div>\r\n        <\/div>\r\n\r\n        \t\t<\/div>\n\t\t\t\t<\/div>\n\t\t\t\t<div class=\"elementor-element elementor-element-5987634b elementor-widget elementor-widget-sidebar\" data-id=\"5987634b\" data-element_type=\"widget\" data-widget_type=\"sidebar.default\">\n\t\t\t\t<div class=\"elementor-widget-container\">\n\t\t\t<section id=\"nav_menu-2\" class=\"ten_ser widget widget_nav_menu\"><div class=\"menu-services-menu-container\"><ul id=\"menu-services-menu\" class=\"menu\"><li id=\"menu-item-969\" class=\"menu-item menu-item-type-post_type menu-item-object-page menu-item-969\"><a href=\"https:\/\/lewagro-service.de\/?page_id=940\">Hausmeisterservice<\/a><\/li>\n<li id=\"menu-item-1294\" class=\"menu-item menu-item-type-post_type menu-item-object-page menu-item-1294\"><a href=\"https:\/\/lewagro-service.de\/?page_id=1282\">Geb\u00e4udereinigung<\/a><\/li>\n<li id=\"menu-item-1593\" class=\"menu-item menu-item-type-post_type menu-item-object-page menu-item-1593\"><a href=\"https:\/\/lewagro-service.de\/?page_id=1591\">Impressum<\/a><\/li>\n<li id=\"menu-item-1594\" class=\"menu-item menu-item-type-post_type menu-item-object-page menu-item-1594\"><a href=\"https:\/\/lewagro-service.de\/?page_id=1589\">Datenschutz<\/a><\/li>\n<\/ul><\/div><\/section>\t\t<\/div>\n\t\t\t\t<\/div>\n\t\t\t\t\t<\/div>\n\t\t<\/div>\n\t\t\t\t\t\t\t<\/div>\n\t\t<\/section>\n\t\t\t\t<section class=\"elementor-section elementor-inner-section elementor-element elementor-element-6454017e elementor-section-boxed elementor-section-height-default elementor-section-height-default\" data-id=\"6454017e\" data-element_type=\"section\" data-settings=\"{&quot;background_background&quot;:&quot;classic&quot;}\">\n\t\t\t\t\t\t<div class=\"elementor-container elementor-column-gap-default\">\n\t\t\t\t\t<div class=\"elementor-column elementor-col-100 elementor-inner-column elementor-element elementor-element-69ec7ae0\" data-id=\"69ec7ae0\" data-element_type=\"column\">\n\t\t\t<div class=\"elementor-widget-wrap elementor-element-populated\">\n\t\t\t\t\t\t\t\t<div class=\"elementor-element elementor-element-35c795b3 elementor-widget elementor-widget-image\" data-id=\"35c795b3\" data-element_type=\"widget\" data-widget_type=\"image.default\">\n\t\t\t\t<div class=\"elementor-widget-container\">\n\t\t\t<style>\/*! elementor - v3.13.3 - 28-05-2023 *\/\n.elementor-widget-image{text-align:center}.elementor-widget-image a{display:inline-block}.elementor-widget-image a img[src$=\".svg\"]{width:48px}.elementor-widget-image img{vertical-align:middle;display:inline-block}<\/style>\t\t\t\t\t\t\t\t\t\t\t\t<img loading=\"lazy\" decoding=\"async\" width=\"300\" height=\"300\" src=\"https:\/\/lewagro-service.de\/wp-content\/uploads\/2023\/04\/icons-1.png\" class=\"attachment-full size-full wp-image-943\" alt=\"\" srcset=\"https:\/\/lewagro-service.de\/wp-content\/uploads\/2023\/04\/icons-1.png 300w, https:\/\/lewagro-service.de\/wp-content\/uploads\/2023\/04\/icons-1-100x100.png 100w, https:\/\/lewagro-service.de\/wp-content\/uploads\/2023\/04\/icons-1-150x150.png 150w\" sizes=\"auto, (max-width: 300px) 100vw, 300px\" \/>\t\t\t\t\t\t\t\t\t\t\t\t\t\t\t<\/div>\n\t\t\t\t<\/div>\n\t\t\t\t<div class=\"elementor-element elementor-element-2d112e50 elementor-widget elementor-widget-heading\" data-id=\"2d112e50\" data-element_type=\"widget\" data-widget_type=\"heading.default\">\n\t\t\t\t<div class=\"elementor-widget-container\">\n\t\t\t<style>\/*! elementor - v3.13.3 - 28-05-2023 *\/\n.elementor-heading-title{padding:0;margin:0;line-height:1}.elementor-widget-heading .elementor-heading-title[class*=elementor-size-]>a{color:inherit;font-size:inherit;line-height:inherit}.elementor-widget-heading .elementor-heading-title.elementor-size-small{font-size:15px}.elementor-widget-heading .elementor-heading-title.elementor-size-medium{font-size:19px}.elementor-widget-heading .elementor-heading-title.elementor-size-large{font-size:29px}.elementor-widget-heading .elementor-heading-title.elementor-size-xl{font-size:39px}.elementor-widget-heading .elementor-heading-title.elementor-size-xxl{font-size:59px}<\/style><h3 class=\"elementor-heading-title elementor-size-default\">Haben Sie\n\nFragen?\n\nKontaktieren Sie Uns!<\/h3>\t\t<\/div>\n\t\t\t\t<\/div>\n\t\t\t\t<div class=\"elementor-element elementor-element-4cd05018 elementor-widget elementor-widget-tentaz-button\" data-id=\"4cd05018\" data-element_type=\"widget\" data-widget_type=\"tentaz-button.default\">\n\t\t\t\t<div class=\"elementor-widget-container\">\n\t\t\t\t\t\r\n\t\t<div class=\"tentaz-btn\">\r\n\t\t\t\t\t\t<a class=\"tentaz-btn readon\" href=\"https:\/\/lewagro-service.de\/?page_id=43\" >\t\t\t\t\r\n\t\t\t\t<span class=\"btn_text\">Kontakt<\/span>\r\n\t\t\t\t\t\t\t<\/a>\r\n\t\t<\/div>   \r\n\t\t\t<\/div>\n\t\t\t\t<\/div>\n\t\t\t\t\t<\/div>\n\t\t<\/div>\n\t\t\t\t\t\t\t<\/div>\n\t\t<\/section>\n\t\t\t\t\t<\/div>\n\t\t<\/div>\n\t\t\t\t<div class=\"elementor-column elementor-col-50 elementor-top-column elementor-element elementor-element-3a6b929a\" data-id=\"3a6b929a\" data-element_type=\"column\">\n\t\t\t<div class=\"elementor-widget-wrap elementor-element-populated\">\n\t\t\t\t\t\t\t\t<section class=\"elementor-section elementor-inner-section elementor-element elementor-element-6e97681f elementor-section-boxed elementor-section-height-default elementor-section-height-default\" data-id=\"6e97681f\" data-element_type=\"section\">\n\t\t\t\t\t\t<div class=\"elementor-container elementor-column-gap-default\">\n\t\t\t\t\t<div class=\"elementor-column elementor-col-100 elementor-inner-column elementor-element elementor-element-30ea059a\" data-id=\"30ea059a\" data-element_type=\"column\">\n\t\t\t<div class=\"elementor-widget-wrap elementor-element-populated\">\n\t\t\t\t\t\t\t\t<div class=\"elementor-element elementor-element-4f7fd5ef elementor-widget elementor-widget-image\" data-id=\"4f7fd5ef\" data-element_type=\"widget\" data-widget_type=\"image.default\">\n\t\t\t\t<div class=\"elementor-widget-container\">\n\t\t\t\t\t\t\t\t\t\t\t\t\t\t\t<img loading=\"lazy\" decoding=\"async\" width=\"2560\" height=\"1708\" src=\"https:\/\/lewagro-service.de\/wp-content\/uploads\/2023\/06\/pexels-matilda-wormwood-4099260-scaled.jpg\" class=\"attachment-full size-full wp-image-1560\" alt=\"\" srcset=\"https:\/\/lewagro-service.de\/wp-content\/uploads\/2023\/06\/pexels-matilda-wormwood-4099260-scaled.jpg 2560w, https:\/\/lewagro-service.de\/wp-content\/uploads\/2023\/06\/pexels-matilda-wormwood-4099260-300x200.jpg 300w, https:\/\/lewagro-service.de\/wp-content\/uploads\/2023\/06\/pexels-matilda-wormwood-4099260-1024x683.jpg 1024w, https:\/\/lewagro-service.de\/wp-content\/uploads\/2023\/06\/pexels-matilda-wormwood-4099260-768x513.jpg 768w, https:\/\/lewagro-service.de\/wp-content\/uploads\/2023\/06\/pexels-matilda-wormwood-4099260-1536x1025.jpg 1536w, https:\/\/lewagro-service.de\/wp-content\/uploads\/2023\/06\/pexels-matilda-wormwood-4099260-2048x1367.jpg 2048w, https:\/\/lewagro-service.de\/wp-content\/uploads\/2023\/06\/pexels-matilda-wormwood-4099260-600x400.jpg 600w\" sizes=\"auto, (max-width: 2560px) 100vw, 2560px\" \/>\t\t\t\t\t\t\t\t\t\t\t\t\t\t\t<\/div>\n\t\t\t\t<\/div>\n\t\t\t\t<div class=\"elementor-element elementor-element-2dcd636f elementor-widget elementor-widget-heading\" data-id=\"2dcd636f\" data-element_type=\"widget\" data-widget_type=\"heading.default\">\n\t\t\t\t<div class=\"elementor-widget-container\">\n\t\t\t<h2 class=\"elementor-heading-title elementor-size-default\">Professionelle Geb\u00e4udereinigung f\u00fcr ein sauberes und einladendes Ambiente<\/h2>\t\t<\/div>\n\t\t\t\t<\/div>\n\t\t\t\t<div class=\"elementor-element elementor-element-16ae642a elementor-widget elementor-widget-text-editor\" data-id=\"16ae642a\" data-element_type=\"widget\" data-widget_type=\"text-editor.default\">\n\t\t\t\t<div class=\"elementor-widget-container\">\n\t\t\t<style>\/*! elementor - v3.13.3 - 28-05-2023 *\/\n.elementor-widget-text-editor.elementor-drop-cap-view-stacked .elementor-drop-cap{background-color:#69727d;color:#fff}.elementor-widget-text-editor.elementor-drop-cap-view-framed .elementor-drop-cap{color:#69727d;border:3px solid;background-color:transparent}.elementor-widget-text-editor:not(.elementor-drop-cap-view-default) .elementor-drop-cap{margin-top:8px}.elementor-widget-text-editor:not(.elementor-drop-cap-view-default) .elementor-drop-cap-letter{width:1em;height:1em}.elementor-widget-text-editor .elementor-drop-cap{float:left;text-align:center;line-height:1;font-size:50px}.elementor-widget-text-editor .elementor-drop-cap-letter{display:inline-block}<\/style>\t\t\t\t<p>Unser Geb\u00e4udereinigungsdienst ist ein professioneller Service, der sich auf die Reinigung und Pflege von Geb\u00e4uden spezialisiert hat. Wir bieten unsere Dienstleistungen sowohl f\u00fcr private Haushalte als auch f\u00fcr gewerbliche Unternehmen an. Unser Ziel ist es, sicherzustellen, dass Ihr Geb\u00e4ude stets sauber, gepflegt und einladend aussieht.<\/p><p>Unser erfahrenes und qualifiziertes Reinigungspersonal setzt modernste Reinigungstechniken und -mittel ein, um erstklassige Ergebnisse zu erzielen. Wir reinigen gr\u00fcndlich alle Innen- und Au\u00dfenbereiche, einschlie\u00dflich B\u00f6den, W\u00e4nde, Fenster, T\u00fcren, sanit\u00e4re Anlagen und K\u00fcchen. Unser Reinigungsdienst umfasst auch die Entfernung von Staub, Schmutz, Flecken und unerw\u00fcnschten Ger\u00fcchen.<\/p><p>Wir bieten ma\u00dfgeschneiderte Reinigungsl\u00f6sungen an, die auf die spezifischen Anforderungen Ihres Geb\u00e4udes zugeschnitten sind. Unser Team arbeitet flexibel und passt sich Ihren Zeitpl\u00e4nen an, um minimalen Betriebsunterbrechungen zu gew\u00e4hrleisten. Wir legen gro\u00dfen Wert auf Qualit\u00e4t und Kundenzufriedenheit und setzen alles daran, Ihre Erwartungen zu \u00fcbertreffen.<\/p><p>Mit unserem Geb\u00e4udereinigungsdienst k\u00f6nnen Sie sich auf Ihr Kerngesch\u00e4ft konzentrieren, w\u00e4hrend wir uns um die Sauberkeit und den Werterhalt Ihres Geb\u00e4udes k\u00fcmmern. Vertrauen Sie uns Ihre Reinigungsbed\u00fcrfnisse an und genie\u00dfen Sie eine professionelle und zuverl\u00e4ssige Reinigungsl\u00f6sung.<\/p>\t\t\t\t\t\t<\/div>\n\t\t\t\t<\/div>\n\t\t\t\t\t<\/div>\n\t\t<\/div>\n\t\t\t\t\t\t\t<\/div>\n\t\t<\/section>\n\t\t\t\t<section class=\"elementor-section elementor-inner-section elementor-element elementor-element-5b5f1be7 elementor-section-boxed elementor-section-height-default elementor-section-height-default\" data-id=\"5b5f1be7\" data-element_type=\"section\">\n\t\t\t\t\t\t<div class=\"elementor-container elementor-column-gap-default\">\n\t\t\t\t\t<div class=\"elementor-column elementor-col-100 elementor-inner-column elementor-element elementor-element-27bd622b\" data-id=\"27bd622b\" data-element_type=\"column\">\n\t\t\t<div class=\"elementor-widget-wrap elementor-element-populated\">\n\t\t\t\t\t\t\t\t<div class=\"elementor-element elementor-element-4f437535 elementor-widget elementor-widget-heading\" data-id=\"4f437535\" data-element_type=\"widget\" data-widget_type=\"heading.default\">\n\t\t\t\t<div class=\"elementor-widget-container\">\n\t\t\t<h2 class=\"elementor-heading-title elementor-size-default\">Ihre Vorteile<\/h2>\t\t<\/div>\n\t\t\t\t<\/div>\n\t\t\t\t\t<\/div>\n\t\t<\/div>\n\t\t\t\t\t\t\t<\/div>\n\t\t<\/section>\n\t\t\t\t<section class=\"elementor-section elementor-inner-section elementor-element elementor-element-65af0bc2 elementor-section-boxed elementor-section-height-default elementor-section-height-default\" data-id=\"65af0bc2\" data-element_type=\"section\">\n\t\t\t\t\t\t<div class=\"elementor-container elementor-column-gap-default\">\n\t\t\t\t\t<div class=\"elementor-column elementor-col-50 elementor-inner-column elementor-element elementor-element-16a77fff\" data-id=\"16a77fff\" data-element_type=\"column\">\n\t\t\t<div class=\"elementor-widget-wrap elementor-element-populated\">\n\t\t\t\t\t\t\t\t<div class=\"elementor-element elementor-element-658f4bf9 elementor-widget elementor-widget-image\" data-id=\"658f4bf9\" data-element_type=\"widget\" data-widget_type=\"image.default\">\n\t\t\t\t<div class=\"elementor-widget-container\">\n\t\t\t\t\t\t\t\t\t\t\t\t\t\t\t<img loading=\"lazy\" decoding=\"async\" width=\"640\" height=\"428\" src=\"https:\/\/lewagro-service.de\/wp-content\/uploads\/2023\/06\/pexels-pixabay-209230-1024x685.jpg\" class=\"attachment-large size-large wp-image-1562\" alt=\"\" srcset=\"https:\/\/lewagro-service.de\/wp-content\/uploads\/2023\/06\/pexels-pixabay-209230-1024x685.jpg 1024w, https:\/\/lewagro-service.de\/wp-content\/uploads\/2023\/06\/pexels-pixabay-209230-300x201.jpg 300w, https:\/\/lewagro-service.de\/wp-content\/uploads\/2023\/06\/pexels-pixabay-209230-768x514.jpg 768w, https:\/\/lewagro-service.de\/wp-content\/uploads\/2023\/06\/pexels-pixabay-209230-1536x1028.jpg 1536w, https:\/\/lewagro-service.de\/wp-content\/uploads\/2023\/06\/pexels-pixabay-209230-2048x1371.jpg 2048w, https:\/\/lewagro-service.de\/wp-content\/uploads\/2023\/06\/pexels-pixabay-209230-600x402.jpg 600w\" sizes=\"auto, (max-width: 640px) 100vw, 640px\" \/>\t\t\t\t\t\t\t\t\t\t\t\t\t\t\t<\/div>\n\t\t\t\t<\/div>\n\t\t\t\t\t<\/div>\n\t\t<\/div>\n\t\t\t\t<div class=\"elementor-column elementor-col-50 elementor-inner-column elementor-element elementor-element-5d7690e3\" data-id=\"5d7690e3\" data-element_type=\"column\">\n\t\t\t<div class=\"elementor-widget-wrap elementor-element-populated\">\n\t\t\t\t\t\t\t\t<div class=\"elementor-element elementor-element-29190751 elementor-icon-list--layout-traditional elementor-list-item-link-full_width elementor-widget elementor-widget-icon-list\" data-id=\"29190751\" data-element_type=\"widget\" data-widget_type=\"icon-list.default\">\n\t\t\t\t<div class=\"elementor-widget-container\">\n\t\t\t<link rel=\"stylesheet\" href=\"https:\/\/lewagro-service.de\/wp-content\/plugins\/elementor\/assets\/css\/widget-icon-list.min.css\">\t\t<ul class=\"elementor-icon-list-items\">\n\t\t\t\t\t\t\t<li class=\"elementor-icon-list-item\">\n\t\t\t\t\t\t\t\t\t\t\t<span class=\"elementor-icon-list-icon\">\n\t\t\t\t\t\t\t<i aria-hidden=\"true\" class=\"fas fa-check\"><\/i>\t\t\t\t\t\t<\/span>\n\t\t\t\t\t\t\t\t\t\t<span class=\"elementor-icon-list-text\">Effiziente Reinigungsmethoden<\/span>\n\t\t\t\t\t\t\t\t\t<\/li>\n\t\t\t\t\t\t\t\t<li class=\"elementor-icon-list-item\">\n\t\t\t\t\t\t\t\t\t\t\t<span class=\"elementor-icon-list-icon\">\n\t\t\t\t\t\t\t<i aria-hidden=\"true\" class=\"fas fa-check\"><\/i>\t\t\t\t\t\t<\/span>\n\t\t\t\t\t\t\t\t\t\t<span class=\"elementor-icon-list-text\">Effiziente Reinigungsmethoden<\/span>\n\t\t\t\t\t\t\t\t\t<\/li>\n\t\t\t\t\t\t\t\t<li class=\"elementor-icon-list-item\">\n\t\t\t\t\t\t\t\t\t\t\t<span class=\"elementor-icon-list-icon\">\n\t\t\t\t\t\t\t<i aria-hidden=\"true\" class=\"fas fa-check\"><\/i>\t\t\t\t\t\t<\/span>\n\t\t\t\t\t\t\t\t\t\t<span class=\"elementor-icon-list-text\">Ma\u00dfgeschneiderte L\u00f6sungen<\/span>\n\t\t\t\t\t\t\t\t\t<\/li>\n\t\t\t\t\t\t\t\t<li class=\"elementor-icon-list-item\">\n\t\t\t\t\t\t\t\t\t\t\t<span class=\"elementor-icon-list-icon\">\n\t\t\t\t\t\t\t<i aria-hidden=\"true\" class=\"fas fa-check\"><\/i>\t\t\t\t\t\t<\/span>\n\t\t\t\t\t\t\t\t\t\t<span class=\"elementor-icon-list-text\">Flexibilit\u00e4t und Anpassungsf\u00e4higkeit<\/span>\n\t\t\t\t\t\t\t\t\t<\/li>\n\t\t\t\t\t\t\t\t<li class=\"elementor-icon-list-item\">\n\t\t\t\t\t\t\t\t\t\t\t<span class=\"elementor-icon-list-icon\">\n\t\t\t\t\t\t\t<i aria-hidden=\"true\" class=\"fas fa-check\"><\/i>\t\t\t\t\t\t<\/span>\n\t\t\t\t\t\t\t\t\t\t<span class=\"elementor-icon-list-text\">H\u00f6chste Reinigungsstandards<\/span>\n\t\t\t\t\t\t\t\t\t<\/li>\n\t\t\t\t\t\t\t\t<li class=\"elementor-icon-list-item\">\n\t\t\t\t\t\t\t\t\t\t\t<span class=\"elementor-icon-list-icon\">\n\t\t\t\t\t\t\t<i aria-hidden=\"true\" class=\"fas fa-check\"><\/i>\t\t\t\t\t\t<\/span>\n\t\t\t\t\t\t\t\t\t\t<span class=\"elementor-icon-list-text\">Minimale Betriebsunterbrechungen<\/span>\n\t\t\t\t\t\t\t\t\t<\/li>\n\t\t\t\t\t\t<\/ul>\n\t\t\t\t<\/div>\n\t\t\t\t<\/div>\n\t\t\t\t\t<\/div>\n\t\t<\/div>\n\t\t\t\t\t\t\t<\/div>\n\t\t<\/section>\n\t\t\t\t\t<\/div>\n\t\t<\/div>\n\t\t\t\t\t\t\t<\/div>\n\t\t<\/section>\n\t\t\t\t\t\t\t<\/div>\n\t\t","protected":false},"excerpt":{"rendered":"<p>Unser Service Haben Sie Fragen? Kontaktieren Sie Uns! Kontakt Professionelle Geb\u00e4udereinigung f\u00fcr ein sauberes und einladendes Ambiente Unser Geb\u00e4udereinigungsdienst ist ein professioneller Service, der sich auf die Reinigung und Pflege von Geb\u00e4uden spezialisiert hat. Wir bieten unsere Dienstleistungen sowohl f\u00fcr private Haushalte als auch f\u00fcr gewerbliche Unternehmen an. Unser Ziel ist es, sicherzustellen, dass Ihr&#8230;<\/p>\n","protected":false},"author":2,"featured_media":0,"parent":0,"menu_order":0,"comment_status":"closed","ping_status":"closed","template":"elementor_header_footer","meta":{"footnotes":""},"class_list":["post-1282","page","type-page","status-publish","hentry"],"_links":{"self":[{"href":"https:\/\/lewagro-service.de\/index.php?rest_route=\/wp\/v2\/pages\/1282","targetHints":{"allow":["GET"]}}],"collection":[{"href":"https:\/\/lewagro-service.de\/index.php?rest_route=\/wp\/v2\/pages"}],"about":[{"href":"https:\/\/lewagro-service.de\/index.php?rest_route=\/wp\/v2\/types\/page"}],"author":[{"embeddable":true,"href":"https:\/\/lewagro-service.de\/index.php?rest_route=\/wp\/v2\/users\/2"}],"replies":[{"embeddable":true,"href":"https:\/\/lewagro-service.de\/index.php?rest_route=%2Fwp%2Fv2%2Fcomments&post=1282"}],"version-history":[{"count":15,"href":"https:\/\/lewagro-service.de\/index.php?rest_route=\/wp\/v2\/pages\/1282\/revisions"}],"predecessor-version":[{"id":1683,"href":"https:\/\/lewagro-service.de\/index.php?rest_route=\/wp\/v2\/pages\/1282\/revisions\/1683"}],"wp:attachment":[{"href":"https:\/\/lewagro-service.de\/index.php?rest_route=%2Fwp%2Fv2%2Fmedia&parent=1282"}],"curies":[{"name":"wp","href":"https:\/\/api.w.org\/{rel}","templated":true}]}}